) = 107*p**2 - 2*p - 15. Suppose 38 = -18*w - 16. What is the tens digit of l(w)?
5
Let b(v) be the second derivative of -3*v**4/2 - 3*v**2/2 + 19*v. Let d be b(-3). What is the units digit of (1 + d/(-3))*7/7?
6
Suppose 0 = 3*x + 23*y - 16*y - 69713, 5*y = -x + 23251. What is the tens digit of x?
2
Suppose -k = 5*k - 11*k + 161050. What is the hundreds digit of k?
2
Let c(z) be the third derivative of 7/3*z**3 + 0 + 0*z + z**2 + 47/24*z**4. What is the units digit of c(3)?
5
Let q = -22 + 27. Let m = 8 + 88. Suppose -q*i = -464 - m. What is the tens digit of i?
1
Suppose -4*i - 2*a + 492 = -54, 0 = -5*i + 3*a + 677. Suppose 2*d - 89 = 3*d. Let f = i + d. What is the units digit of f?
7
Suppose 5*l - 142 = 4*f, 5*f - 4*l = -0*f - 182. Let x = -44 - f. What is the units digit of (1 + (-94)/x)*408/85?
0
Let l(w) = 2*w**3 + 6*w**2 - 12. Let c be l(6). Let x = -451 + c. What is the units digit of x?
5
Let r(k) = k**3 + 16*k**2 - 13*k + 17. Let c be (-48)/(-168) + (-107)/7. What is the tens digit of r(c)?
3
Let i(m) = 442*m + 3919. What is the thousands digit of i(19)?
2
What is the ten thousands digit of ((-309)/4)/((-489)/319480)?
5
Let j(o) = 1909*o**2 + 29*o + 105. What is the units digit of j(-4)?
3
What is the hundreds digit of (-7 + -4)*(-735 - (-16 - -8))?
9
Let y = 20 - 18. Let c be y - 2/6*-3. Suppose -7 + 262 = c*p. What is the tens digit of p?
8
Suppose 3*u + 153 = 159. Suppose 5*z = 3*a, 10 = a + u*z - 1. What is the units digit of 5 + (5/a - 1)?
5
Let m be (-3)/(-3) + -3 + 1. Let w(v) be the third derivative of -21*v**4/8 - v**3/3 - 260*v**2. What is the units digit of w(m)?
1
Suppose -6*w + 14 = -16. Let r be (w - 3)*(3 + -1). Suppose 5*j - 4*l + 146 = 563, 0 = -r*j - 2*l + 344. What is the units digit of j?
5
Let x be (-681)/18 + -1 + (-7)/42. Let u = x + 25. What is the units digit of 6/(-21) - 102/u?
7
Suppose -2*v = -6, 44 = -5*b + v - 59. What is the tens digit of (-12760)/b + 0/4?
3
Let q be (10/3)/((-2)/(-3) - 0). Suppose 8 = 4*k, 2*i + 2*i + q*k = 1226. Let y = -163 + i. What is the hundreds digit of y?
1
Suppose -4*r = -r - 63. Let q = 30 - r. Suppose -3*k = -4*c + q*c - 44, -3*c + 12 = -3*k. What is the units digit of c?
7
Let w(a) = -261*a - 17 + 4 + 242*a. Let q be w(-12). Suppose 0 = 9*d - 10*d + q. What is the hundreds digit of d?
2
Suppose 24*y + 420 = 4*y. Let l(i) = i**3 + 23*i**2 + 22*i + 19. What is the units digit of l(y)?
9
Let z be 1 - (43 + -3)/(-4). Let h be 141/z + 11/(363/6). Suppose h - 47 = -x. What is the units digit of x?
4
What is the tens digit of -2*((10 - 11)*21401 - 7)?
1
Suppose -c = -2*j - 17075, -3*c - 15*j = -13*j - 51177. What is the tens digit of c?
6
Let l(m) = m**3 + 12*m**2 - 14*m - 29. Let u be l(-13). Let v = -6 - u. Suppose -x - v = -2*x. What is the units digit of x?
0
Suppose -18*g + 19*g + 97968 = 17*g. What is the tens digit of g?
2
Let w = 1650 - 1642. Let v(n) = -n**2 + 8*n + 11. Let i be v(9). What is the hundreds digit of (6 - w)/(i/(-187))?
1
Let u(v) = -134 - 143 + 285 + 18*v**2 + 17*v + v**3. Let f be u(-17). Suppose -f - 2 = -2*s, 2*s = -5*r + 465. What is the units digit of r?
1
Let o(f) be the first derivative of 14*f**3/3 - 2*f**2 - 28*f + 127. What is the units digit of o(-8)?
0
Suppose 2*p - 4*p + 1437 + 2645 = 0. What is the tens digit of p?
4
Let y(c) = 11*c - 61 + 20*c + 38. Let d be y(23). Suppose 5*a - 2*u - d = 0, 2*u + 86 + 44 = a. What is the units digit of a?
0
Suppose 278*b = 191*b + 1628118. What is the units digit of b?
4
Let p(v) = v**3 + 25*v**2 + 35*v + 37. Let u be p(-25). Let o = 116 - u. What is the hundreds digit of o?
9
What is the tens digit of (((-270)/(-15))/6)/(3/4742)?
4
Suppose 9 = 3*q - 459. Suppose 524 = 10*o - q. Let u = 129 - o. What is the tens digit of u?
6
What is the ten thousands digit of 177606/10 + 3*(-23)/((-3105)/18)?
1
Let r(x) = 234*x**2 + 44*x - 187. What is the hundreds digit of r(4)?
7
Suppose -13*i + 69240 = -13921. What is the tens digit of i?
9
Suppose 591 = 9*m - 3432. Suppose 2*q - m = -y, 5*q + 3*y = 994 + 124. What is the units digit of q?
3
Let w(l) = -231*l + 12394. What is the ten thousands digit of w(-41)?
2
Let u(x) = -22*x + 18016. What is the ten thousands digit of u(25)?
1
What is the tens digit of (-4)/(-10)*(139/(-417) - (-31351)/3)?
8
Suppose 0 = -223*s + 85*s + 26*s + 5833408. What is the tens digit of s?
8
Suppose 7*p - 2625 - 3563 = 0. Let u = 247 + p. What is the thousands digit of u?
1
Let v = 13 + -14. Let t be ((-1)/2)/(v/2). What is the units digit of 6/(-3)*(-3 - t) + 3?
1
Let n(f) = -f - 16. Let r be n(-6). Let c(j) = -6*j - 27. Let y be c(r). Suppose y*i - 191 = 32*i. What is the units digit of i?
1
What is the tens digit of (-6)/8*1021032/(-81)?
5
Let q(w) = -4*w**3 - 3*w**2 - 2*w - 1. Let x be q(-1). What is the units digit of 71/355 + x + (-4919)/(-5)?
6
Let y = 16 + -16. Suppose y = 16*d - 19*d + 2*b + 1534, -2*b = 5*d - 2530. What is the tens digit of d?
0
Suppose -78 = -m + 3*p, -m - 3*p - 168 = -3*m. What is the hundreds digit of (-1054)/3*m/(-60)?
5
Let y = -4653 + 7899. What is the tens digit of y?
4
Let c = -31389 - -49174. What is the ten thousands digit of c?
1
Suppose 2*m - 12 = 166. Suppose -z + 31 = -4*p, 6*p + 20 = p. Let r = m - z. What is the units digit of r?
4
Let w be (-6)/(-5 + 3) - -1. What is the units digit of (w - 0) + (300 - -2)?
6
What is the tens digit of (14 + 546/(-9))*((-6198)/4 + 3)?
7
Let k(b) = -b**2 + 12*b + 10. Let y be k(12). Suppose -y*v + 184 = -1406. What is the tens digit of (45/25)/9 - v/(-5)?
3
Suppose -3 = y - 7. Let t be 68/(-51)*7*(-39)/2. Suppose 2*u + 0*u - y*k = t, -k - 87 = -u. What is the tens digit of u?
8
What is the tens digit of (9/6)/((-35)/(-2884))*(-4920)/(-18)?
8
Let b = -119 - -617. What is the tens digit of b?
9
Let a = 2569 - -5630. What is the hundreds digit of a?
1
Let d = -32660 - -48581. What is the units digit of d?
1
What is the thousands digit of 3 + (-34)/12 + -12 + (-2107935)/(-54)?
9
Let d(z) = 99*z**2 - 102*z + 21. Let i(n) = 24*n**2 - 25*n + 5. Let g(h) = -2*d(h) + 9*i(h). What is the tens digit of g(8)?
8
Let j(f) = 1467*f - 3244. What is the tens digit of j(32)?
0
Let v be (120/(-50))/(1/(-1135)). Suppose -40*c + 34*c = -v. What is the units digit of c?
4
Suppose -2*p = -8*k + 12*k - 19614, 3*k - 5*p - 14678 = 0. What is the units digit of k?
1
Let b(v) = 16*v**3 - v**2 + 4*v + 10. Let j be b(-2). Let w = j + 131. What is the units digit of w?
1
Let t(c) = 4*c**3 + 4*c**2 + 5*c - 16. Let g(j) = 7*j**3 + 8*j**2 + 9*j - 31. Let z(a) = -3*g(a) + 5*t(a). What is the units digit of z(-13)?
0
Suppose 0*l - 2*k = -4*l + 97142, 2*l + 5*k = 48577. What is the hundreds digit of l?
2
Suppose 37 + 43 = -8*b. What is the tens digit of (-2)/b - 8772/(-15)?
8
Let n(w) = -18*w**3 + w**2 + 5*w + 1. Let o be n(2). Let b = o - -133. Suppose 5*m + 4*x - 26 = b, 2*m + 2*x = 14. What is the units digit of m?
2
Let j(k) = -2*k + 29. Let m be j(12). Let s be m/(-10) + (-10)/(-4). Suppose s*z = 5*c + 134, 0*z - 3*z + 201 = -c. What is the units digit of z?
7
Let s = -74771 + 137400. What is the tens digit of s?
2
Let s = -119 - -122. Let q(f) = 7*f**3 - 3*f**2 - 10*f + 5. What is the hundreds digit of q(s)?
1
Let x(q) = q**2 - 6*q - 50. Let u be x(11). Let s be 53 - (6/9)/(8/(-36)). What is the units digit of s - 0*u/(-10)?
6
Suppose 5*s - 5*x = -10*x + 1425, 2*s = -5*x + 585. Suppose -17*c + s = -12*c. What is the units digit of c?
6
Let o(q) = -4136*q - 981. What is the ten thousands digit of o(-5)?
1
Suppose -66*i - 1582329 = -5251467. What is the thousands digit of i?
5
Let w = -2954 - -4659. What is the tens digit of w?
0
Let q(u) = -u**3 + 61*u**2 + 17*u - 151. What is the ten thousands digit of q(50)?
2
Let w = 25 - 21. Suppose -6*s - 4 = -8*s, w*s = -n + 2. What is the tens digit of (n/10 - 2262/(-45))*3?
4
Suppose -6*d + 8*d = 8. Suppose -d = 24*u - 26*u. Suppose -u*g - 117 = -5*g. What is the tens digit of g?
3
Suppose -54 - 156 = -14*m. What is the tens digit of m/(-12) + 56530/40?
1
Suppose w = -2*z + 16025, -3*z + 87453 - 7321 = 5*w. What is the hundreds digit of w?
0
Suppose 5*i - c - 7650 = 0, 3*i - 167*c + 164*c - 4590 = 0. What is the units digit of i?
0
Let a = -4082 + 7052. Suppose -3*u + 8*u - 5*d - a = 0, u - 4*d - 582 = 0